{"id":360,"date":"2023-07-21T06:15:41","date_gmt":"2023-07-21T06:15:41","guid":{"rendered":"https:\/\/themedox.com\/kewi\/?page_id=360"},"modified":"2025-11-17T13:27:09","modified_gmt":"2025-11-17T13:27:09","slug":"services","status":"publish","type":"page","link":"https:\/\/furnituresrl.it\/index.php\/services\/","title":{"rendered":"Servizi"},"content":{"rendered":"\t\t<div data-elementor-type=\"wp-page\" data-elementor-id=\"360\" class=\"elementor elementor-360\">\n\t\t\t\t\t\t<section class=\"elementor-section elementor-top-section elementor-element elementor-element-7715b55 elementor-section-full_width elementor-section-stretched elementor-section-height-default elementor-section-height-default\" data-id=\"7715b55\" data-element_type=\"section\" data-settings=\"{&quot;stretch_section&quot;:&quot;section-stretched&quot;}\">\n\t\t\t\t\t\t<div class=\"elementor-container elementor-column-gap-no\">\n\t\t\t\t\t<div class=\"elementor-column elementor-col-100 elementor-top-column elementor-element elementor-element-0d1f1b3\" data-id=\"0d1f1b3\" data-element_type=\"column\">\n\t\t\t<div class=\"elementor-widget-wrap elementor-element-populated\">\n\t\t\t\t\t\t<div class=\"elementor-element elementor-element-e0e147b elementor-widget elementor-widget-theme-about-skill\" data-id=\"e0e147b\" data-element_type=\"widget\" data-widget_type=\"theme-about-skill.default\">\n\t\t\t\t<div class=\"elementor-widget-container\">\n\t\t\t\t\t\r\n\r\n           <!-- skill-area -->\r\n            <section class=\"skill-area pt-120 pb-120\">\r\n                <div class=\"container\">\r\n                    <div class=\"row align-items-center\">\r\n                        <div class=\"col-lg-6\">\r\n\r\n                            <div class=\"skill-img\">\r\n                                <img decoding=\"async\" src=\"https:\/\/themedox.com\/kewi\/wp-content\/uploads\/2023\/07\/skill_img-1.jpg\" alt=\"img\">\r\n                            <\/div>\r\n\r\n                        <\/div>\r\n                        <div class=\"col-lg-6\">\r\n                            <div class=\"skill-content\">\r\n                                <div class=\"section-title mb-40\">\r\n                                    <span class=\"sub-title\">Le nostre competenze<\/span>\r\n                                    <h2 class=\"title\">Soluzioni di design e arredamento su misura<\/h2>\r\n                                <\/div>\r\n                                <p>Dal 2022 offriamo soluzioni di arredamento innovative e personalizzate per privati e aziende. Dalla progettazione degli spazi alla scelta dei materiali, ogni dettaglio \u00e8 studiato per garantire qualit\u00e0, estetica e funzionalit\u00e0. Il nostro team lavora a stretto contatto con architetti e interior designer per trasformare ogni ambiente in un luogo unico e accogliente.\"<\/p>\r\n\r\n\r\n                                <div class=\"skill-item-wrap\">\r\n\r\n                                \r\n                                \r\n\r\n                                    <div class=\"skill-item\">\r\n                                        <div class=\"chart-two\" data-percent=\"65\">\r\n                                            <span class=\"percentage\">65<sup>%<\/sup><\/span>\r\n                                        <\/div>\r\n                                        <p>Progetti<\/p>\r\n                                    <\/div>\r\n\r\n                                \r\n                                \r\n\r\n                                    <div class=\"skill-item\">\r\n                                        <div class=\"chart-two\" data-percent=\"50\">\r\n                                            <span class=\"percentage\">50<sup>%<\/sup><\/span>\r\n                                        <\/div>\r\n                                        <p>Design<\/p>\r\n                                    <\/div>\r\n\r\n                                \r\n                                \r\n\r\n                                    <div class=\"skill-item\">\r\n                                        <div class=\"chart-two\" data-percent=\"80\">\r\n                                            <span class=\"percentage\">80<sup>%<\/sup><\/span>\r\n                                        <\/div>\r\n                                        <p>Clienti<\/p>\r\n                                    <\/div>\r\n\r\n                                \r\n                                <\/div>\r\n\r\n                              \r\n\r\n\r\n                            <\/div>\r\n                        <\/div>\r\n                    <\/div>\r\n                <\/div>\r\n            <\/section>\r\n            <!-- skill-area-end -->\r\n\r\n\r\n\t\r\n\r\n\t\t\t\t\t<\/div>\n\t\t\t\t<\/div>\n\t\t\t\t\t<\/div>\n\t\t<\/div>\n\t\t\t\t\t<\/div>\n\t\t<\/section>\n\t\t\t\t<\/div>\n\t\t","protected":false},"excerpt":{"rendered":"<p>Le nostre competenze Soluzioni di design e arredamento su misura Dal 2022 offriamo soluzioni di arredamento innovative e personalizzate per privati e aziende. Dalla progettazione degli spazi alla scelta dei materiali, ogni dettaglio \u00e8 studiato per garantire qualit\u00e0, estetica e funzionalit\u00e0. Il nostro team lavora a stretto contatto con architetti e interior designer per trasformare [&hellip;]<\/p>\n","protected":false},"author":1,"featured_media":0,"parent":0,"menu_order":0,"comment_status":"closed","ping_status":"closed","template":"","meta":{"_monsterinsights_skip_tracking":false,"_monsterinsights_sitenote_active":false,"_monsterinsights_sitenote_note":"","_monsterinsights_sitenote_category":0,"footnotes":""},"class_list":["post-360","page","type-page","status-publish","hentry"],"aioseo_notices":[],"_links":{"self":[{"href":"https:\/\/furnituresrl.it\/index.php\/wp-json\/wp\/v2\/pages\/360","targetHints":{"allow":["GET"]}}],"collection":[{"href":"https:\/\/furnituresrl.it\/index.php\/wp-json\/wp\/v2\/pages"}],"about":[{"href":"https:\/\/furnituresrl.it\/index.php\/wp-json\/wp\/v2\/types\/page"}],"author":[{"embeddable":true,"href":"https:\/\/furnituresrl.it\/index.php\/wp-json\/wp\/v2\/users\/1"}],"replies":[{"embeddable":true,"href":"https:\/\/furnituresrl.it\/index.php\/wp-json\/wp\/v2\/comments?post=360"}],"version-history":[{"count":8,"href":"https:\/\/furnituresrl.it\/index.php\/wp-json\/wp\/v2\/pages\/360\/revisions"}],"predecessor-version":[{"id":939,"href":"https:\/\/furnituresrl.it\/index.php\/wp-json\/wp\/v2\/pages\/360\/revisions\/939"}],"wp:attachment":[{"href":"https:\/\/furnituresrl.it\/index.php\/wp-json\/wp\/v2\/media?parent=360"}],"curies":[{"name":"wp","href":"https:\/\/api.w.org\/{rel}","templated":true}]}}